{"id":791,"date":"2019-05-18T21:01:39","date_gmt":"2019-05-18T21:01:39","guid":{"rendered":"http:\/\/hotel-porat.ba\/?page_id=791"},"modified":"2019-10-25T20:56:18","modified_gmt":"2019-10-25T20:56:18","slug":"o-neumu","status":"publish","type":"page","link":"https:\/\/hotel-porat.ba\/index.php\/o-neumu\/","title":{"rendered":"O Neumu"},"content":{"rendered":"\t\t<div data-elementor-type=\"wp-post\" data-elementor-id=\"791\" class=\"elementor elementor-791\">\n\t\t\t\t\t\t<section class=\"elementor-section elementor-top-section elementor-element elementor-element-d8fb51d elementor-section-boxed elementor-section-height-default elementor-section-height-default\" data-id=\"d8fb51d\" data-element_type=\"section\">\n\t\t\t\t\t\t<div class=\"elementor-container elementor-column-gap-default\">\n\t\t\t\t\t<div class=\"elementor-column elementor-col-100 elementor-top-column elementor-element elementor-element-301313dc\" data-id=\"301313dc\" data-element_type=\"column\">\n\t\t\t<div class=\"elementor-widget-wrap elementor-element-populated\">\n\t\t\t\t\t\t<div class=\"elementor-element elementor-element-11553332 elementor-widget elementor-widget-text-editor\" data-id=\"11553332\" data-element_type=\"widget\" data-widget_type=\"text-editor.default\">\n\t\t\t\t<div class=\"elementor-widget-container\">\n\t\t\t\t\t\t\t<p class=\"excerpt\">Neum je jedini primorski turisti\u010dki gradi\u0107 u Bosni i Hercegovini iznikao na strmim obroncima zaljeva Neum-Klek, koji prijateljski, otvorena srca i mediteranske du\u0161e, do\u010dekuje svakog dobronamjernog gosta iz bilo kojeg kraja svijeta.<\/p><blockquote class=\"alignleft six columns alpha\"><p>Zemljopisno, Neum pripada regiji JU\u017dNI JADRAN, u trokutu turisti\u010dkih sredi\u0161ta MAKARSKA \u2013 MOSTAR \u2013 DUBROVNIK, i od otvorenoga mora Jadrana zaklonjen je poluotokom Pelje\u0161ac, poluotokom Klek i njihovim prekrasnim uvalama, lu\u010dicama i turisti\u010dkim i ribarskim naseljima.<\/p><\/blockquote><p>Poslije otoka Hvara Neum ima najve\u0107i broj sun\u010danih dana u godini, koje mu daje blago mediteransko podneblje!<\/p><p>Izuzetna jednostavnost i gostoljubivost ovda\u0161njih ljudi, va\u0161ih doma\u0107ina, ne\u0107e vas ostaviti ravnodu\u0161nima i zasigurno \u0107ete se odlu\u010diti ponovo posjetiti ovaj prekrasni biser jadranske obale.Neum pored svojih prirodnih ljepota, te blage mediteranske klime i bogate povijesti sa\u010duvane u starim gra\u0111evinama i stoljetnim maslinicima u zale\u0111u mjesta, svojim gostim nudi i bogat kulturni, sportski i zabavni \u017eivot.<\/p><p>Za goste, koji \u017eele aktivan odmor, Neum nudi sportske terene za nogomet, odbojku ili ko\u0161arku, a od vodenih sportova na raspolaganju su skijanje, surfanje, vo\u017enje skuterima ili gliserima. U ljetnim mjesecima, na 7-9 mjesta po pla\u017eama i vrtovima hotela, kao i u privatnim restoranima, svira glazba \u201cu\u017eivo\u201d.<\/p><p>Dva disko kluba i mnogobrojni caffe-barovi pru\u017eit \u0107e Vam zabavu do ranih jutarnjih sati. Zabaviti se mo\u017eete \u0161etaju\u0107i, razgledavaju\u0107i i kupuju\u0107i u mnogobrojnim prodavaonicama i suvenirnicama, kojih ima mnogo tijekom glavne turisti\u010dke sezone. Manifestacija \u201cNEUMSKO LJETO\u201d, koja traje tijekom cijele turisti\u010dke sezone, nudi vam brojna kulturna i zabavna doga\u0111anja (folklorne ve\u010deri, posjet galeriji, knji\u017eevne ve\u010deri, etno fest \u2026).<\/p><div id='gallery-1' class='gallery galleryid-791 gallery-columns-3 gallery-size-thumbnail'><figure class='gallery-item'>\n\t\t\t<div class='gallery-icon landscape'>\n\t\t\t\t<a href='https:\/\/hotel-porat.ba\/wp-content\/uploads\/2019\/10\/img-01.jpg'><img decoding=\"async\" width=\"150\" height=\"150\" src=\"https:\/\/hotel-porat.ba\/wp-content\/uploads\/2019\/10\/img-01-150x150.jpg\" class=\"attachment-thumbnail size-thumbnail\" alt=\"\" srcset=\"https:\/\/hotel-porat.ba\/wp-content\/uploads\/2019\/10\/img-01-150x150.jpg 150w, https:\/\/hotel-porat.ba\/wp-content\/uploads\/2019\/10\/img-01-100x100.jpg 100w\" sizes=\"(max-width: 150px) 100vw, 150px\" \/><\/a>\n\t\t\t<\/div><\/figure><figure class='gallery-item'>\n\t\t\t<div class='gallery-icon landscape'>\n\t\t\t\t<a href='https:\/\/hotel-porat.ba\/wp-content\/uploads\/2019\/10\/img-02.jpg'><img decoding=\"async\" width=\"150\" height=\"150\" src=\"https:\/\/hotel-porat.ba\/wp-content\/uploads\/2019\/10\/img-02-150x150.jpg\" class=\"attachment-thumbnail size-thumbnail\" alt=\"\" srcset=\"https:\/\/hotel-porat.ba\/wp-content\/uploads\/2019\/10\/img-02-150x150.jpg 150w, https:\/\/hotel-porat.ba\/wp-content\/uploads\/2019\/10\/img-02-100x100.jpg 100w\" sizes=\"(max-width: 150px) 100vw, 150px\" \/><\/a>\n\t\t\t<\/div><\/figure><figure class='gallery-item'>\n\t\t\t<div class='gallery-icon landscape'>\n\t\t\t\t<a href='https:\/\/hotel-porat.ba\/wp-content\/uploads\/2019\/10\/img-03.jpg'><img decoding=\"async\" width=\"150\" height=\"150\" src=\"https:\/\/hotel-porat.ba\/wp-content\/uploads\/2019\/10\/img-03-150x150.jpg\" class=\"attachment-thumbnail size-thumbnail\" alt=\"\" srcset=\"https:\/\/hotel-porat.ba\/wp-content\/uploads\/2019\/10\/img-03-150x150.jpg 150w, https:\/\/hotel-porat.ba\/wp-content\/uploads\/2019\/10\/img-03-100x100.jpg 100w\" sizes=\"(max-width: 150px) 100vw, 150px\" \/><\/a>\n\t\t\t<\/div><\/figure>\n\t\t<\/div>\n\t\t\t\t\t\t<\/div>\n\t\t\t\t<\/div>\n\t\t\t\t\t<\/div>\n\t\t<\/div>\n\t\t\t\t\t<\/div>\n\t\t<\/section>\n\t\t\t\t<\/div>\n\t\t","protected":false},"excerpt":{"rendered":"<p>Neum je jedini primorski turisti\u010dki gradi\u0107 u Bosni i Hercegovini iznikao na strmim obroncima zaljeva Neum-Klek, koji prijateljski, otvorena srca i mediteranske du\u0161e, do\u010dekuje svakog dobronamjernog gosta iz bilo kojeg kraja svijeta. Zemljopisno, Neum pripada regiji JU\u017dNI JADRAN, u trokutu turisti\u010dkih sredi\u0161ta MAKARSKA \u2013 MOSTAR \u2013 DUBROVNIK, i od otvorenoga[&#8230;]<\/p>\n","protected":false},"author":1,"featured_media":792,"parent":0,"menu_order":0,"comment_status":"closed","ping_status":"closed","template":"","meta":{"footnotes":""},"class_list":["post-791","page","type-page","status-publish","has-post-thumbnail","hentry"],"_links":{"self":[{"href":"https:\/\/hotel-porat.ba\/index.php\/wp-json\/wp\/v2\/pages\/791","targetHints":{"allow":["GET"]}}],"collection":[{"href":"https:\/\/hotel-porat.ba\/index.php\/wp-json\/wp\/v2\/pages"}],"about":[{"href":"https:\/\/hotel-porat.ba\/index.php\/wp-json\/wp\/v2\/types\/page"}],"author":[{"embeddable":true,"href":"https:\/\/hotel-porat.ba\/index.php\/wp-json\/wp\/v2\/users\/1"}],"replies":[{"embeddable":true,"href":"https:\/\/hotel-porat.ba\/index.php\/wp-json\/wp\/v2\/comments?post=791"}],"version-history":[{"count":7,"href":"https:\/\/hotel-porat.ba\/index.php\/wp-json\/wp\/v2\/pages\/791\/revisions"}],"predecessor-version":[{"id":1146,"href":"https:\/\/hotel-porat.ba\/index.php\/wp-json\/wp\/v2\/pages\/791\/revisions\/1146"}],"wp:featuredmedia":[{"embeddable":true,"href":"https:\/\/hotel-porat.ba\/index.php\/wp-json\/wp\/v2\/media\/792"}],"wp:attachment":[{"href":"https:\/\/hotel-porat.ba\/index.php\/wp-json\/wp\/v2\/media?parent=791"}],"curies":[{"name":"wp","href":"https:\/\/api.w.org\/{rel}","templated":true}]}}