{"id":257,"date":"2013-06-11T23:32:49","date_gmt":"2013-06-11T23:32:49","guid":{"rendered":"http:\/\/www.cssigniter.com\/preview\/hotelmotel\/?page_id=257"},"modified":"2019-10-24T21:09:17","modified_gmt":"2019-10-24T21:09:17","slug":"homepage-3-2","status":"publish","type":"page","link":"https:\/\/hotel-porat.ba\/","title":{"rendered":"Naslovnica"},"content":{"rendered":"\t\t<div data-elementor-type=\"wp-post\" data-elementor-id=\"257\" class=\"elementor elementor-257\">\n\t\t\t\t\t\t<section class=\"elementor-section elementor-top-section elementor-element elementor-element-5d11d5a elementor-section-boxed elementor-section-height-default elementor-section-height-default\" data-id=\"5d11d5a\" data-element_type=\"section\">\n\t\t\t\t\t\t<div class=\"elementor-container elementor-column-gap-default\">\n\t\t\t\t\t<div class=\"elementor-column elementor-col-100 elementor-top-column elementor-element elementor-element-bc809d\" data-id=\"bc809d\" data-element_type=\"column\">\n\t\t\t<div class=\"elementor-widget-wrap elementor-element-populated\">\n\t\t\t\t\t\t<div class=\"elementor-element elementor-element-4790686 elementor-widget elementor-widget-text-editor\" data-id=\"4790686\" data-element_type=\"widget\" data-widget_type=\"text-editor.default\">\n\t\t\t\t<div class=\"elementor-widget-container\">\n\t\t\t\t\t\t\t<p><div class=\"row\"><div class=\"twelve  columns\"><div class=\"slider-wrap\"><div id=\"home-slider\" class=\"bs flexslider\"><ul class=\"slides\"><li><a href=\"https:\/\/hotel-porat.ba\/\"><img fetchpriority=\"high\" decoding=\"async\" width=\"1280\" height=\"440\" src=\"https:\/\/hotel-porat.ba\/wp-content\/uploads\/2019\/05\/porat-0-1280x440.jpg\" class=\"attachment-slider_full size-slider_full wp-post-image\" alt=\"\" \/><h3>Hotel PORAT Neum<\/h3><\/a><\/li><li><a href=\"https:\/\/hotel-porat.ba\/\"><img decoding=\"async\" width=\"1200\" height=\"440\" src=\"https:\/\/hotel-porat.ba\/wp-content\/uploads\/2012\/07\/header_1-1200x440.jpg\" class=\"attachment-slider_full size-slider_full wp-post-image\" alt=\"\" \/><h3>Hotel PORAT Neum<\/h3><\/a><\/li><li><a href=\"https:\/\/hotel-porat.ba\/\"><img decoding=\"async\" width=\"1200\" height=\"440\" src=\"https:\/\/hotel-porat.ba\/wp-content\/uploads\/2012\/07\/img-03-1200x440.jpg\" class=\"attachment-slider_full size-slider_full wp-post-image\" alt=\"\" \/><h3>Hotel PORAT Neum<\/h3><\/a><\/li><li><a href=\"https:\/\/hotel-porat.ba\/\"><img loading=\"lazy\" decoding=\"async\" width=\"1200\" height=\"440\" src=\"https:\/\/hotel-porat.ba\/wp-content\/uploads\/2012\/07\/img-04-1200x440.jpg\" class=\"attachment-slider_full size-slider_full wp-post-image\" alt=\"\" \/><h3>Hotel PORAT Neum<\/h3><\/a><\/li><li><a href=\"https:\/\/hotel-porat.ba\/\"><img loading=\"lazy\" decoding=\"async\" width=\"1200\" height=\"440\" src=\"https:\/\/hotel-porat.ba\/wp-content\/uploads\/2012\/07\/img-06-1200x440.jpg\" class=\"attachment-slider_full size-slider_full wp-post-image\" alt=\"\" \/><h3>Hotel PORAT Neum<\/h3><\/a><\/li><li><a href=\"https:\/\/hotel-porat.ba\/\"><img loading=\"lazy\" decoding=\"async\" width=\"1200\" height=\"440\" src=\"https:\/\/hotel-porat.ba\/wp-content\/uploads\/2019\/05\/img-08-1200x440.jpg\" class=\"attachment-slider_full size-slider_full wp-post-image\" alt=\"\" \/><h3>Hotel PORAT Neum<\/h3><\/a><\/li><\/ul>\n\t\t<\/div><div class=\"main-separator after-hero\">\n\t\t\t<div class=\"home-slide-controls\">\n\t\t\t\t<a class=\"slide-prev\" href=\"\"><\/a>\n\t\t\t\t<a class=\"slide-next\" href=\"\"><\/a>\n\t\t\t<\/div>\n\t\t<\/div><\/div><\/div><div class=\"eight  columns\"><h3 class=\"ci-title\"><span>Dobrodo\u0161li u hotel &#8220;PORAT&#8221;!<\/span><\/h3><\/p><p style=\"text-align: justify;\"><em><span lang=\"HR\">Hotel Porat<\/span><\/em><span lang=\"HR\"> je izgra\u0111en na samoj rivi Neumskoga zaljeva. Ispred objekta se prostire pla\u017ea s pli\u0107akom i kristalno \u010distim \u017ealom, gdje se tako\u0111er nalazi oprema za pla\u017eu (le\u017ealjke i suncobrani).<\/span><\/p><p style=\"text-align: justify;\"><span lang=\"HR\">Hotel raspola\u017ee sa sobama i apartmanima visoke kategorije, koji su opremljeni centralnom klimom, lcd tv\/sat, su\u0161ilom za kosu, be\u017ei\u010dnim internetom u cijelom objektu, te prostranim balkonima s pogledom na more.<\/span><\/p><p style=\"text-align: justify;\"><span lang=\"HR\">Restoran, te njegove terase koje le\u017ee uz samu obalu opkoljene maslinama i raznim cvjetnim nasadima pozivaju Vas da u\u017eivate u raznim delicijama doma\u0107e i mediteranske kuhinje opskrbljene isklju\u010divo eko proizvodima neumskih vrtova, te svakodnevnoj bogatoj ponudi razne svje\u017ee ribe i \u0161koljaka doma\u0107ih ribara, a sve to zaliveno kapljicama raznih kvalitetnih vina.<\/span><\/p><p style=\"text-align: justify;\"><span lang=\"HR\">Hotel organizira izlete u poznata turisti\u010dka sredi\u0161ta, kao \u0161to su: Dubrovnik, Kor\u010dula, Ston, Mostar i Me\u0111ugorje a tako\u0111er nudi prijevoz putnika od\/do zra\u010dnih luka Dubrovnik, Mostar i Split uz nadoplatu.<\/span><\/p><p>Hotel PORAT sa svojim pa\u017eljivim osobljem i mno\u0161tvom sadr\u017eaja rado \u0107e ispuniti svaku \u017eelju \u010dine\u0107i va\u0161 odmor nezaboravnim. Hotel je otvoren tijekom cijele godine.<\/p><p>Jutro okupano sun\u010danim zrakama, mirisi mediteranskog bilja, te miris i \u0161um mora \u2013 san je koji se ostvaruje u hotelu PORAT u Neumu.<\/p><p style=\"text-align: right;\">Obitelj \u010culjak<\/p><p><\/div><div class=\"four  columns\"><div class=\"widget bs entry-widget\"><figure><a href=\"https:\/\/hotel-porat.ba\/index.php\/smjestaj\/\"><img loading=\"lazy\" decoding=\"async\" width=\"740\" height=\"420\" src=\"https:\/\/hotel-porat.ba\/wp-content\/uploads\/2012\/07\/img-04-740x420.jpg\" class=\"attachment-gallery_thumb size-gallery_thumb wp-post-image\" alt=\"\" \/><\/a><\/figure><div class=\"content bg\"><h3 class=\"title\">Smje\u0161taj<\/h3><p>Hotel raspola\u017ee s moderno i udobno ure\u0111enim dvokrevetnim i trokrevetnim sobama, studio apartmanima i hotelskim apartmanom, od kojih je ve\u0107ina s pogledom na more i prekrasni zaljev Neum-Klek. Sve sobe <\/p><a class=\"read-more btn\" href=\"https:\/\/hotel-porat.ba\/index.php\/smjestaj\/\">Vi\u0161e&#8230;<\/a><\/div><\/div><\/div><span style=\"color: #7a7a7a;\"><div class=\"row\"><\/div><div class=\"twelve  columns\"><h3 class=\"ci-title\"><span>Foto galerije<\/span><\/h3><div class=\"row widget-ci-galleries\">\t\t\t<div class=\"four columns ci-gallery\">\n\t\t\t\t<div class=\"g-wrap bs\">\n\t\t\t\t\t<img loading=\"lazy\" decoding=\"async\" width=\"740\" height=\"420\" src=\"https:\/\/hotel-porat.ba\/wp-content\/uploads\/2021\/06\/porat-plaza-05-740x420.jpg\" class=\"attachment-gallery_thumb size-gallery_thumb wp-post-image\" alt=\"\" \/>\t\t\t\t\t<div class=\"mask\">\n\t\t\t\t\t\t<h3><a href=\"https:\/\/hotel-porat.ba\/index.php\/gallery\/plaza-1\/\">Pla\u017ea<\/a><\/h3>\n\t\t\t\t\t\t<p><\/p>\n\t\t\t\t\t\t<a class=\"read-more btn\" href=\"https:\/\/hotel-porat.ba\/index.php\/gallery\/plaza-1\/\">View Set<\/a>\n\t\t\t\t\t<\/div>\n\t\t\t\t<\/div>\n\t\t\t<\/div>\n\t\t\t\t\t<div class=\"four columns ci-gallery\">\n\t\t\t\t<div class=\"g-wrap bs\">\n\t\t\t\t\t<img loading=\"lazy\" decoding=\"async\" width=\"740\" height=\"420\" src=\"https:\/\/hotel-porat.ba\/wp-content\/uploads\/2019\/05\/restoran_porat_18-1-740x420.jpg\" class=\"attachment-gallery_thumb size-gallery_thumb wp-post-image\" alt=\"\" \/>\t\t\t\t\t<div class=\"mask\">\n\t\t\t\t\t\t<h3><a href=\"https:\/\/hotel-porat.ba\/index.php\/gallery\/restoran\/\">Restoran<\/a><\/h3>\n\t\t\t\t\t\t<p><\/p>\n\t\t\t\t\t\t<a class=\"read-more btn\" href=\"https:\/\/hotel-porat.ba\/index.php\/gallery\/restoran\/\">View Set<\/a>\n\t\t\t\t\t<\/div>\n\t\t\t\t<\/div>\n\t\t\t<\/div>\n\t\t\t\t\t<div class=\"four columns ci-gallery\">\n\t\t\t\t<div class=\"g-wrap bs\">\n\t\t\t\t\t<img loading=\"lazy\" decoding=\"async\" width=\"740\" height=\"420\" src=\"https:\/\/hotel-porat.ba\/wp-content\/uploads\/2019\/05\/smjestaj_18-740x420.jpg\" class=\"attachment-gallery_thumb size-gallery_thumb wp-post-image\" alt=\"\" \/>\t\t\t\t\t<div class=\"mask\">\n\t\t\t\t\t\t<h3><a href=\"https:\/\/hotel-porat.ba\/index.php\/gallery\/smjestaj\/\">Smje\u0161taj<\/a><\/h3>\n\t\t\t\t\t\t<p><\/p>\n\t\t\t\t\t\t<a class=\"read-more btn\" href=\"https:\/\/hotel-porat.ba\/index.php\/gallery\/smjestaj\/\">View Set<\/a>\n\t\t\t\t\t<\/div>\n\t\t\t\t<\/div>\n\t\t\t<\/div>\n\t\t<\/div><\/div><\/div><\/span><\/p>\t\t\t\t\t\t<\/div>\n\t\t\t\t<\/div>\n\t\t\t\t\t<\/div>\n\t\t<\/div>\n\t\t\t\t\t<\/div>\n\t\t<\/section>\n\t\t\t\t<\/div>\n\t\t","protected":false},"excerpt":{"rendered":"","protected":false},"author":1,"featured_media":0,"parent":0,"menu_order":0,"comment_status":"open","ping_status":"open","template":"template-shortcodes.php","meta":{"footnotes":""},"class_list":["post-257","page","type-page","status-publish","hentry"],"_links":{"self":[{"href":"https:\/\/hotel-porat.ba\/index.php\/wp-json\/wp\/v2\/pages\/257","targetHints":{"allow":["GET"]}}],"collection":[{"href":"https:\/\/hotel-porat.ba\/index.php\/wp-json\/wp\/v2\/pages"}],"about":[{"href":"https:\/\/hotel-porat.ba\/index.php\/wp-json\/wp\/v2\/types\/page"}],"author":[{"embeddable":true,"href":"https:\/\/hotel-porat.ba\/index.php\/wp-json\/wp\/v2\/users\/1"}],"replies":[{"embeddable":true,"href":"https:\/\/hotel-porat.ba\/index.php\/wp-json\/wp\/v2\/comments?post=257"}],"version-history":[{"count":25,"href":"https:\/\/hotel-porat.ba\/index.php\/wp-json\/wp\/v2\/pages\/257\/revisions"}],"predecessor-version":[{"id":953,"href":"https:\/\/hotel-porat.ba\/index.php\/wp-json\/wp\/v2\/pages\/257\/revisions\/953"}],"wp:attachment":[{"href":"https:\/\/hotel-porat.ba\/index.php\/wp-json\/wp\/v2\/media?parent=257"}],"curies":[{"name":"wp","href":"https:\/\/api.w.org\/{rel}","templated":true}]}}